1592567 and 31.
31
Calculate the highest common divisor of 62288 and 76540273.
3893
Calculate the greatest common factor of 390586 and 15295.
161
Calculate the greatest common factor of 69894 and 85041.
99
What is the greatest common divisor of 416 and 587639?
13
Calculate the greatest common divisor of 1172 and 5187272.
1172
What is the highest common factor of 8607405 and 10065?
915
Calculate the greatest common divisor of 24692211 and 765.
153
What is the greatest common divisor of 4972 and 125520626?
2486
What is the greatest common divisor of 532 and 95753616?
532
Calculate the greatest common factor of 361344 and 1983.
3
Calculate the greatest common factor of 3298883 and 15792.
329
Calculate the greatest common divisor of 19894 and 9773.
29
What is the highest common divisor of 16632 and 3009160?
616
What is the highest common factor of 28700 and 5336560?
820
What is the highest common divisor of 936 and 107064?
72
Calculate the greatest common factor of 5438 and 6267295.
2719
What is the highest common divisor of 7865 and 1696420?
605
Calculate the greatest common factor of 30867765 and 1290.
645
What is the highest common factor of 408736 and 394999?
241
Calculate the greatest common factor of 3480 and 751062880.
1160
Calculate the greatest common factor of 8589330 and 45.
45
What is the greatest common divisor of 63936346 and 10768?
1346
What is the highest common factor of 183 and 3965732?
61
Calculate the greatest common factor of 493193 and 9.
1
Calculate the highest common divisor of 143653861 and 26.
13
Calculate the highest common factor of 232 and 309832.
8
Calculate the highest common divisor of 11760750 and 2000.
250
What is the greatest common divisor of 50372 and 6182428?
196
What is the highest common divisor of 179753 and 2114?
7
Calculate the highest common divisor of 37335363 and 6.
3
Calculate the greatest common factor of 35293612 and 5020.
1004
Calculate the highest common factor of 1596172 and 20.
4
What is the highest common factor of 323 and 31307183?
17
Calculate the greatest common divisor of 4166782 and 180997.
3851
Calculate the greatest common divisor of 6079494 and 678.
6
Calculate the highest common divisor of 3505 and 170153730.
3505
Calculate the highest common divisor of 450 and 8531650.
50
What is the greatest common factor of 1706 and 89038?
2
Calculate the highest common factor of 2364 and 8069514.
1182
What is the greatest common divisor of 515612980 and 367?
367
Calculate the highest common factor of 1385498 and 6805.
1361
Calculate the highest common factor of 917 and 286983403.
917
What is the greatest common divisor of 46374 and 53579?
131
Calculate the greatest common factor of 2260 and 103111370.
1130
What is the highest common divisor of 28677 and 32178201?
2607
What is the highest common divisor of 114 and 27789837?
57
Calculate the highest common divisor of 30 and 468306.
6
Calculate the greatest common factor of 5 and 60539.
1
Calculate the highest common factor of 18986 and 1227754.
22
What is the greatest common factor of 85 and 318362604?
17
What is the highest common factor of 7455 and 76278495?
1065
What is the highest common divisor of 8720720 and 670?
670
Calculate the greatest common divisor of 1074 and 102620163.
537
What is the highest common divisor of 5639988 and 816?
204
Calculate the greatest common divisor of 16332 and 48012.
12
Calculate the greatest common factor of 9273 and 62707117.
3091
What is the greatest common divisor of 253953 and 303849?
63
What is the greatest common divisor of 1259776 and 2664?
296
Calculate the highest common divisor of 246 and 52633750.
82
What is the greatest common divisor of 2013 and 31805949?
183
Calculate the greatest common divisor of 1165 and 144830703.
233
What is the highest common factor of 12 and 86138190?
6
What is the highest common factor of 44 and 16176347?
11
Calculate the highest common divisor of 7488 and 1674504.
936
Calculate the greatest common divisor of 6771 and 40860728.
2257
What is the greatest common divisor of 916645021 and 29?
29
What is the highest common divisor of 30384326 and 119?
7
Calculate the highest common factor of 9903 and 134756723.
3301
What is the greatest common factor of 56848 and 1541356?
1292
Calculate the greatest common factor of 72703 and 2212700.
3161
Calculate the highest common factor of 56 and 472829.
7
What is the greatest common factor of 954182602 and 7674?
2558
Calculate the greatest common factor of 2616 and 243993.
3
Calculate the greatest common factor of 4053 and 1207601.
193
Calculate the highest common divisor of 14110331 and 53941.
3173
What is the highest common divisor of 1597360 and 3690?
410
Calculate the highest common divisor of 783 and 3845745.
27
What is the highest common factor of 893233 and 5599?
11
Calculate the highest common factor of 7707826 and 33572.
1526
Calculate the greatest common factor of 37 and 5425801.
1
What is the highest common factor of 25888 and 1639034?
1618
Calculate the highest common factor of 532838 and 294823.
263
Calculate the greatest common factor of 732580 and 44.
4
What is the highest common divisor of 7850 and 2263209950?
7850
Calculate the highest common divisor of 3076428 and 1752.
12
Calculate the highest common factor of 27940 and 732908.
44
What is the greatest common divisor of 3481 and 11880653?
3481
Calculate the highest common factor of 9 and 75518193.
3
What is the greatest common divisor of 956905 and 264325?
485
What is the greatest common factor of 235 and 21985895?
235
Calculate the greatest common factor of 1679 and 580520.
23
Calculate the highest common divisor of 867949 and 29677.
59
What is the highest common divisor of 1868 and 260609350?
934
Calculate the highest common divisor of 7224 and 8601978.
1806
Calculate the highest common divisor of 6432194630 and 170.
170
Calculate the greatest common divisor of 5982 and 133695706.
1994
What is the greatest common divisor of 3810136 and 2784?
232
Calculate the highest common divisor of 202437 and 95616.
747
What is the highest common divisor of 14870958 and 627?
57
What is the highest common divisor of 3372 and 147708212?
1124
Calculate the highest common divisor of 18332050 and 125.
25
What is the highest common factor of 3 and 103172163?
3
What is the greatest common divisor of 718651612 and 28?
28
Calculate the highest common factor of 952988833 and 46196.
11549
What is the highest common divisor of 92204 and 68068?
28
What is the highest common divisor of 7400 and 186664?
8
What is the highest common factor of 426138185 and 55?
55
Calculate the highest common factor of 196 and 398887174.
14
What is the greatest common divisor of 4140 and 13565355?
15
What is the greatest common factor of 102 and 1954278?
6
Calculate the highest common factor of 7838071 and 203728.
1819
Calculate the highest common factor of 394667 and 13.
13
Calculate the greatest common divisor of 216535 and 8870092.
341
What is the greatest common divisor of 16603852 and 2956?
2956
What is the greatest common factor of 12418 and 89908094?
1774
Calculate the highest common factor of 49594356 and 98.
14
What is the highest common factor of 23249625 and 1077375?
6375
Calculate the highest common divisor of 18095 and 5238667.
329
Calculate the highest common factor of 3473 and 581486.
23
Calculate the greatest common divisor of 159927 and 321.
3
What is the highest common factor of 395038029 and 2813?
2813
Calculate the highest common factor of 2230 and 6367542.
446
Calculate the highest common factor of 76087 and 1793.
11
What is the highest common factor of 4051366218 and 9054?
9054
Calculate the greatest common divisor of 141444 and 2988.
36
What is the highest common factor of 2850925 and 7425?
275
Calculate the greatest common factor of 3835 and 19460545.
65
What is the highest common divisor of 242040 and 57360?
120
Calculate the highest common factor of 90 and 23805315.
45
What is the highest common factor of 102 and 29352370?
34
Calculate the highest common factor of 107144 and 1279826.
454
What is the highest common factor of 17621 and 13972927?
263
Calculate the greatest common factor of 3367 and 5369.
91
What is the greatest common factor of 266 and 318591126?
266
Calculate the greatest co